lculate c(1).
-2
Let i(l) = -l**2 - 18*l + 3. What is i(0)?
3
Let w(b) = b**2 + 14*b - 19. Calculate w(-9).
-64
Let t(p) = p - 26. What is t(-4)?
-30
Let h(t) = -t**3 - 2*t**2 - 45*t - 6. Determine h(0).
-6
Let a(q) = q**3 + q**2 + q - 1. What is a(0)?
-1
Let j(f) = f**2 + 16*f - 15. Give j(-12).
-63
Let a(y) = -y**2 + 63. Calculate a(0).
63
Let a(o) = -o**2 + 3*o + 2. Give a(4).
-2
Let o(u) = -2*u - 23. Calculate o(-14).
5
Let w(d) = 13*d + 4. Give w(4).
56
Let a(g) = g**3 + 2*g**2 - 6*g + 15. What is a(-4)?
7
Let d(j) = -j**3 - 27*j**2 - 21*j + 48. Give d(-26).
-82
Let t(f) = f. Determine t(-5).
-5
Let c(x) = 5*x - 17. Determine c(9).
28
Let t(k) = -2*k**3 - k**2 + 1. Give t(1).
-2
Let c(t) = -5*t + 35. What is c(12)?
-25
Let l(u) = -u**3 - 6*u**2 - 7*u - 6. What is l(-4)?
-10
Let o(x) = 2*x - 9. Determine o(11).
13
Let j(v) = v**3 + 13*v**2 + 20*v + 93. What is j(-12)?
-3
Let i(t) = 11*t**3 + 2*t - 1. Give i(1).
12
Let s(h) = -h**3 - 14*h**2 + h + 18. Calculate s(-14).
4
Let u(x) = 17*x - 187. What is u(15)?
68
Let v(j) = j**3 - 12*j**2 + 21. Determine v(12).
21
Let p(g) = -5*g - 8. Give p(-2).
2
Let o(l) = 3*l**2 + 136*l + 46. Calculate o(-45).
1
Let m(k) = -51*k**3 - 3*k**2 + 10*k - 8. Give m(1).
-52
Let u(q) = 21*q + 16. Determine u(-4).
-68
Let m(k) = -k**2 + 11*k - 10. Calculate m(9).
8
Let y(r) = -2*r**3 + 9*r**2 + r + 7. Determine y(4).
27
Let m(h) = 6*h - 182. Give m(33).
16
Let s(h) = -2*h**2 - 5*h + 12. Calculate s(-7).
-51
Let u(y) = -y**3 - 5*y**2 + 8*y - 6. What is u(-7)?
36
Let a(f) = -f**2 + 7*f + 2. Give a(11).
-42
Let a(q) = -5*q - 234. What is a(-45)?
-9
Let d(g) = -g**2 - 2*g + 43. Give d(-7).
8
Let x(q) = 16*q + 88. Calculate x(-5).
8
Let h(g) = -g**3 + 14*g**2 - 15*g + 3. Give h(13).
-23
Let u(f) = f**2 + 11*f - 47. Calculate u(-15).
13
Let x(w) = w**3 - 9*w**2 - 7*w - 27. What is x(10)?
3
Let h(f) = -2*f**3 + 24*f**2 - 3*f + 38. Give h(12).
2
Let p(u) = u**3 - 2*u**2. What is p(3)?
9
Let h(b) = 2*b**2 + 5*b + 3. Give h(-4).
15
Let p(y) = -y**3 + 1. Determine p(0).
1
Let z(r) = 4*r**2 - 5*r + 2. Determine z(4).
46
Let j(x) = -5*x - 23. Give j(-6).
7
Let w(y) = 2*y**2 - 2*y + 1. Calculate w(0).
1
Let h(z) = -z**2 - 8*z + 47. Give h(-13).
-18
Let y(c) = -13*c + 115. Calculate y(7).
24
Let g(h) = 17*h**2 + 7*h - 6. Determine g(1).
18
Let y(v) = v**2 - 17*v - 80. Give y(21).
4
Let t(r) = -9*r + 11. Give t(6).
-43
Let a(u) = 5*u + 5. What is a(-2)?
-5
Let m(t) = t + 17. Determine m(-14).
3
Let c(d) = -5*d**2 - 8*d - 4. What is c(-3)?
-25
Let q(r) = r**2 - 9*r + 3. Give q(10).
13
Let k(g) = -2*g - 1. Calculate k(3).
-7
Let u(x) = -2*x**2 - 4*x - 2. Determine u(-3).
-8
Let f(t) = 10*t**2 + 127*t - 39. What is f(-13)?
0
Let g(y) = 7*y + 13. Calculate g(-7).
-36
Let n(o) = 5*o + 1. Calculate n(6).
31
Let r(y) = -y - 48. Give r(0).
-48
Let a(p) = p**2 - 5*p + 9. What is a(4)?
5
Let k(o) = -o**2 - 23*o + 8. Calculate k(-24).
-16
Let g(v) = v**2 - 6*v + 4. Calculate g(6).
4
Let x(i) = i**3 + 7*i**2 + 2*i + 8. What is x(-7)?
-6
Let t(u) = -u**2 - 7*u - 5. Determine t(-5).
5
Let j(m) = m**3 - 16*m**2 + 12*m - 1. Give j(15).
-46
Let l(j) = j**3 - j**2 + 2*j - 41. Give l(0).
-41
Let h(z) = 4*z**3 + z**2 - 1. What is h(-1)?
-4
Let n(l) = l**2 + 10*l - 3. What is n(-8)?
-19
Let x(w) = w**3 + 7*w**2 + 6*w - 8. Determine x(-6).
-8
Let z(i) = i**2 + 43*i + 14. Calculate z(-42).
-28
Let g(u) = u**2 + 12*u + 28. Give g(-9).
1
Let p(g) = -6*g**2 - 12*g - 6. Give p(-2).
-6
Let g(w) = w**3 + w**2 + 1. What is g(0)?
1
Let o(f) = -5*f - 1. Give o(-2).
9
Let y(c) = -2*c - 11. Determine y(-13).
15
Let p(a) = -a**2 + 7*a - 5. Calculate p(5).
5
Let l(z) = -37*z - 4. Calculate l(-1).
33
Let g(i) = -2*i**2 - 4*i - 2. Calculate g(-2).
-2
Let s(b) = b**2 + 6*b - 9. What is s(-4)?
-17
Let t(g) = 8*g + 62. Calculate t(-10).
-18
Let q(t) = -2*t**2 - 3*t. What is q(-3)?
-9
Let d(m) = -m**2 - 14*m - 38. Give d(-9).
7
Let z(u) = -u**3 - 23*u**2 - 23*u - 30. Determine z(-22).
-8
Let u(o) = o + 5. What is u(-12)?
-7
Let v(g) = -g**3 - 21*g**2 + g + 11. Determine v(-21).
-10
Let i(v) = -v**3 + 14*v**2 - 11*v - 19. Determine i(13).
7
Let u(v) = -v**2 + 18*v - 31. Calculate u(16).
1
Let j(q) = q**3 - 5*q**2 - 7*q + 4. Give j(6).
-2
Let t(o) = -o**2 + 2*o - 8. Determine t(0).
-8
Let q(g) = 20*g + 11. What is q(8)?
171
Let u(f) = -2*f**2 - 21*f + 8. What is u(-10)?
18
Let f(y) = y**2 + 44*y + 431. Determine f(-16).
-17
Let x(c) = c**3 - 10*c**2 + 7*c - 4. Give x(9).
-22
Let k(b) = -5*b**2 - 2*b - 6. Calculate k(-3).
-45
Let m(i) = i**3 + 5*i**2 - 13*i + 5. Give m(-7).
-2
Let q(x) = 2*x**2 + 12*x - 8. Determine q(-10).
72
Let q(v) = v**3 - 10*v**2 + 6*v + 5. Calculate q(9).
-22
Let w(k) = k**2 + 27*k - 59. Give w(-29).
-1
Let m(a) = -a - 28. Give m(-14).
-14
Let y(b) = -2*b**3 - 2*b**2 - 5*b - 3. What is y(-2)?
15
Let q(z) = -6*z + 2. Give q(-1).
8
Let p(r) = 8*r - 16. Calculate p(7).
40
Let l(n) = -2*n**2 - 8*n + 6. What is l(-6)?
-18
Let u(l) = -9*l - 590. Give u(-65).
-5
Let h(n) = n - 21. Determine h(12).
-9
Let h(n) = 2*n**3 - 3*n**2 - 2*n - 3. Calculate h(3).
18
Let h(m) = -2*m + 5. Give h(0).
5
Let o(s) = -38*s + 34. Give o(3).
-80
Let d(t) = t**3 - 15*t**2 - 16*t - 30. What is d(16)?
-30
Let b(j) = -j**2 - 11*j - 13. What is b(-8)?
11
Let g(t) = -3*t + 12. Determine g(15).
-33
Let h(n) = 5*n + 3. Determine h(-7).
-32
Let g(b) = 4*b - 19. What is g(6)?
5
Let c(v) = -2*v**3 - 4*v**2 + 3*v. Calculate c(3).
-81
Let u(r) = -r + 7. Calculate u(-8).
15
Let s(q) = -q**3 - 5*q**2 - 3*q - 1. Determine s(-6).
53
Let r(n) = -n**3 + 10*n**2 - 5*n + 9. What is r(8)?
97
Let d(n) = -10*n + 32. Determine d(4).
-8
Let n(r) = -r + 13. What is n(7)?
6
Let i(g) = 2*g**2 - 13*g - 29. What is i(8)?
-5
Let k(m) = m**3 - 4*m**2 - 8*m + 6. Give k(5).
-9
Let i(z) = -9*z - 2. Calculate i(6).
-56
Let i(z) = 19*z + 35. What is i(-2)?
-3
Let o(t) = t**2 + 19*t - 42. Determine o(2).
0
Let p(o) = 43*o - 598. What is p(14)?
4
Let s(r) = r**3 + 3*r**2 - 34*r - 115. Determine s(-5).
5
Let v(n) = -4*n - 37. Give v(-13).
15
Let m(j) = -j - 25. What is m(4)?
-29
Let m(f) = -4*f - 7. Give m(-3).
5
Let g(d) = -2*d + 38. Calculate g(23).
-8
Let w(v) = -v**2 - 4*v + 2. Determine w(-6).
-10
Let c(b) = b**3 + b**2 - 4*b - 1. Give c(2).
3
Let k(g) = g**2 - 5*g - 7. Calculate k(10).
43
Let a(i) = i**3 + 4*i**2 + 10*i + 41. Determine a(-5).
-34
Let c(m) = -m**2 - 49*m - 191. Calculate c(-45).
-11
Let x(d) = d**2 + 2*d - 16. Determine x(-14).
152
Let l(v) = -v**2 - 19*v - 16. Calculate l(-18).
2
Let y(v) = -v**3 - 15*v**2 - 26*v + 6. Determine y(-13).
6
Let k(x) = 22*x - 44. What is k(7)?
110
Let n(o) = 26*o - 5. Determine n(3).
73
Let p(m) = -2*m**2 + 23*m + 31. What is p(13)?
-8
Let f(r) = 55*r + 386. Give f(-7).
1
Let v(q) = 4*q**3 - 2*q**2 - 3*q + 3. Give v(2).
21
Let v(p) = 2*p**3 + 3*p**2 - 21*p - 4. What is v(-4)?
0
Let r(n) = n**3 + 6*n**2 - 13*n + 3. Give r(-7).
45
Let n(w) = w**2 - w + 1. Calculate n(2).
3
Let q(m) = -3*m - 2. Give q(-6).
16
Let f(i) = -10*i - 12. What is f(5)?
-62
Let t(v) = v**3 + 2*v**2 - v + 8. What is t(-6)?
-130
Let c(h) = -28*h - 7. Determine c(-4).
105
Let a(d) = 2*d + 4. What is a(3)?
10
Let l(d) = d**2 + 2*d + 29. What is l(0)?
29
Let i(t) = -t**3 - 7*t**2 + 18*t - 9. Give i(-9).
-9
Let b(p) = -7*p**3 + p**2 + 2*p + 1. Calculate b(-1).
7
Let s(g) = g**2 + 7*g + 32. Calculate s(-6).
26
Let l(d) = 3*d**2 - 3*d + 6. Determine l(4).
42
Let x(d) = d**3 + 12*d**2 - 13*d + 9. Determine x(-13).
9
Let h(t) = 66*t**2 + 4*t + 4. Calculate h(-1).
66
Let f(y) = -y**2 + 12*y - 22. Determine f(11).
-11
Let m(x) = 13*x + 155. What is m(-11)?
12
Let x(g) = -g**3 - 10*g**2 - 3*g - 12. Determine x(-10).
18
Let u(c) = -2*c + 7. Calculate u(10).
-13
Let k(j) = j**3 - 7*j**2 + 4*j + 2. What is k(6)?
-10
Let w(s) = -s**2 - 18*s + 5. Give w(-9).
86
Let f(p) = p**2 + 5*p + 4. Calculate f(-5).
4
Let o(s) = -s**2 + 4. What is o(0)?
4
Let i(g) = 5*g + 11. Calculate i(8).
51
Let y(v) = -3*v**2 + 6*v - 4. Calculate y(4).
-28
Let m(q) = -4*q + 80. What is m(21)?
-4
Let m(p) = 79*p. What is m(2)?
158
Let l(r) = r**2 - 14*r + 14. Determine l(8).
-34
Let o(i) = -9*i - 112. Determine o(-13).
5
Let c(q) = -6*q**2 - 4*q + 3. What is c(2)?
-29
Let n(g) = g**3 - 8*g**2 + g - 5. What is n(8)?
3
Let r(d) = -